{"id":165,"date":"2018-05-31T14:01:08","date_gmt":"2018-05-31T12:01:08","guid":{"rendered":"http:\/\/vxcyhlr.cluster024.hosting.ovh.net\/silvera\/?page_id=165"},"modified":"2021-07-21T15:44:01","modified_gmt":"2021-07-21T13:44:01","slug":"qui-sommes-nous","status":"publish","type":"page","link":"http:\/\/vxcyhlr.cluster024.hosting.ovh.net\/silvera\/qui-sommes-nous\/","title":{"rendered":"Qui sommes-nous ?"},"content":{"rendered":"\n<figure class=\"wp-block-embed is-type-rich is-provider-prise-en-charge-des-contenus-embarques wp-block-embed-prise-en-charge-des-contenus-embarques wp-embed-aspect-16-9 wp-has-aspect-ratio\"><div class=\"wp-block-embed__wrapper\">\n<iframe loading=\"lazy\" title=\"Silver Alliance c&#039;est quoi ?\" width=\"500\" height=\"281\" src=\"https:\/\/www.youtube.com\/embed\/ebrkEEXgwCw?feature=oembed\" frameborder=\"0\" allow=\"accelerometer; autoplay; clipboard-write; encrypted-media; gyroscope; picture-in-picture\" allowfullscreen><\/iframe>\n<\/div><\/figure>\n\n\n\n<div style=\"height:50px\" aria-hidden=\"true\" class=\"wp-block-spacer\"><\/div>\n\n\n\n<p class=\"has-text-align-center\">Silver Alliance est une entreprise de l\u2019\u00e9conomie collaborative qui permet \u00e0 ses membres de partager des bonnes pratiques. Silver Alliance a pour ambition de f\u00e9d\u00e9rer des entreprises qui commercialisent des solutions compl\u00e9mentaires les unes aux autres et qui ensemble permettent d\u2019envisager de vieillir \u00e0 domicile sereinement. Ainsi, Silver Alliance vous offre la possibilit\u00e9 de vous informer sur des supports vari\u00e9s (guide papier et site web) et de choisir avec votre libre arbitre des solutions recommand\u00e9es pouvant am\u00e9liorer votre confort, votre qualit\u00e9 de vie et votre participation sociale.<\/p>\n\n\n\n<div class=\"wp-container-1 wp-block-buttons is-content-justification-center\">\n<div class=\"wp-block-button\"><a class=\"wp-block-button__link has-white-color has-text-color\" href=\"\" target=\"_blank\" rel=\"noreferrer noopener\">T\u00e9l\u00e9charger le dossier de presse Silver Alliance<\/a><\/div>\n<\/div>\n\n\n\n<div style=\"height:50px\" aria-hidden=\"true\" class=\"wp-block-spacer\"><\/div>\n\n\n<div style=\"background-color:#9e9e9e\" class=\"full-width pt-5 pb-5 \">\n    <div class=\"container large\">\n                \n\n<div class=\"wp-container-6 wp-block-columns\">\n<div class=\"wp-container-2 wp-block-column is-vertically-aligned-center\">\n<div class=\"wp-block-image\"><figure class=\"aligncenter size-large is-resized\"><img loading=\"lazy\" src=\"http:\/\/vxcyhlr.cluster024.hosting.ovh.net\/silvera\/wp-content\/uploads\/2018\/06\/check.svg\" alt=\"check\" class=\"wp-image-288\" width=\"50\" height=\"50\"\/><\/figure><\/div>\n\n\n\n<p class=\"has-text-align-center has-white-color has-text-color\">Vivre chez soi<\/p>\n<\/div>\n\n\n\n<div class=\"wp-container-3 wp-block-column is-vertically-aligned-center\">\n<div class=\"wp-block-image\"><figure class=\"aligncenter size-large is-resized\"><img loading=\"lazy\" src=\"http:\/\/vxcyhlr.cluster024.hosting.ovh.net\/silvera\/wp-content\/uploads\/2018\/06\/check.svg\" alt=\"check\" class=\"wp-image-288\" width=\"50\" height=\"50\"\/><\/figure><\/div>\n\n\n\n<p class=\"has-text-align-center has-white-color has-text-color\">\u00catre accompagn\u00e9<\/p>\n<\/div>\n\n\n\n<div class=\"wp-container-4 wp-block-column is-vertically-aligned-center\">\n<div class=\"wp-block-image\"><figure class=\"aligncenter size-large is-resized\"><img loading=\"lazy\" src=\"http:\/\/vxcyhlr.cluster024.hosting.ovh.net\/silvera\/wp-content\/uploads\/2018\/06\/check.svg\" alt=\"check\" class=\"wp-image-288\" width=\"50\" height=\"50\"\/><\/figure><\/div>\n\n\n\n<p class=\"has-text-align-center has-white-color has-text-color\">Bien conseill\u00e9<\/p>\n<\/div>\n\n\n\n<div class=\"wp-container-5 wp-block-column is-vertically-aligned-center\">\n<div class=\"wp-block-image\"><figure class=\"aligncenter size-large is-resized\"><img loading=\"lazy\" src=\"http:\/\/vxcyhlr.cluster024.hosting.ovh.net\/silvera\/wp-content\/uploads\/2018\/06\/check.svg\" alt=\"check\" class=\"wp-image-288\" width=\"50\" height=\"50\"\/><\/figure><\/div>\n\n\n\n<p class=\"has-text-align-center has-white-color has-text-color\">\u00catre autonome<\/p>\n<\/div>\n<\/div>\n\n\n    <\/div>\n<\/div>\n\n\n<div style=\"height:50px\" aria-hidden=\"true\" class=\"wp-block-spacer\"><\/div>\n\n\n\n<h2 class=\"has-text-align-center\">Nos valeurs<\/h2>\n\n\n\n<p class=\"has-text-align-center\">Toutes les marques de Silver Alliance ont obligatoirement sign\u00e9 une charte de valeurs.<\/p>\n\n\n\n<ol><li>Les membres de l\u2019Alliance sont bienveillants entre eux et \u00e0 l\u2019\u00e9gard du consommateur.<\/li><li>La loyaut\u00e9 doit pr\u00e9sider aux pratiques et actes de chaque membre en interne comme dans leur relation au consommateur.<\/li><li>La transparence des informations donn\u00e9es par chaque membre est totale. Chaque membre s\u2019est engag\u00e9 aupr\u00e8s de Silver Alliance \u00e0 apporter des informations v\u00e9rifiables, \u00e0 respecter la charte de valeurs et \u00e0 offrir la meilleure qualit\u00e9 de services aupr\u00e8s du consommateur.<\/li><li>Chaque membre s\u2019engage \u00e0 prescrire et\/ou \u00e0 commercialiser des produits et services qui ont prouv\u00e9 leur efficacit\u00e9, leur qualit\u00e9 et leur s\u00e9curit\u00e9 en particulier avec des standards \u00e9prouv\u00e9s. Dans leurs activit\u00e9s et dans celles de leurs prestataires ou sous-traitants, chaque membre s&rsquo;assure qu\u2019un travail de qualit\u00e9 est effectu\u00e9 dans le respect des lois, des normes en vigueur et des r\u00e8gles de l\u2019art.<\/li><li>Chaque membre s\u2019engage \u00e0 r\u00e9server un accueil privil\u00e9gi\u00e9 au consommateur qui pourrait solliciter leurs conseils et parfois exprimer des difficult\u00e9s de diff\u00e9rentes natures.<\/li><li>L&rsquo;\u00e9thique s\u2019applique autant dans le d\u00e9veloppement des solutions de produits et services \u00e0 destination du consommateur qu&rsquo;entre les membres.<\/li><\/ol>\n\n\n\n<div style=\"height:50px\" aria-hidden=\"true\" class=\"wp-block-spacer\"><\/div>\n\n\n\n<h2 class=\"has-text-align-center\">Nos solutions pour vous accompagner<\/h2>\n\n\n\n<div style=\"height:50px\" aria-hidden=\"true\" class=\"wp-block-spacer\"><\/div>\n\n\n\n<p><\/p>\n\n\n<div style=\"background-color:#f0f7f7\" class=\"full-width pt-5 pb-5 \">\n    <div class=\"container large\">\n                \n\n<h2 class=\"has-text-align-center\">La Silver Alliance, c&rsquo;est<\/h2>\n\n\n\n<div style=\"height:50px\" aria-hidden=\"true\" class=\"wp-block-spacer\"><\/div>\n\n\n\n<div class=\"wp-container-11 wp-block-columns\">\n<div class=\"wp-container-7 wp-block-column\">\n<p class=\"has-text-align-center has-huge-font-size\"><strong>38<\/strong><\/p>\n\n\n\n<p class=\"has-text-align-center\">marques de r\u00e9f\u00e9rence<\/p>\n<\/div>\n\n\n\n<div class=\"wp-container-8 wp-block-column\">\n<p class=\"has-text-align-center has-huge-font-size\"><strong>80<\/strong><\/p>\n\n\n\n<p class=\"has-text-align-center\">solutions \u00e0 terme pour satisfaire vos envies et vos souhaits du quotidien<\/p>\n<\/div>\n\n\n\n<div class=\"wp-container-9 wp-block-column\">\n<p class=\"has-text-align-center has-huge-font-size\"><strong>4<\/strong><\/p>\n\n\n\n<p class=\"has-text-align-center\">Milliards d&rsquo;euros de chiffre d&rsquo;affaire cumul\u00e9 en 2020<\/p>\n<\/div>\n\n\n\n<div class=\"wp-container-10 wp-block-column\">\n<p class=\"has-text-align-center has-huge-font-size\"><strong>3000<\/strong><\/p>\n\n\n\n<p class=\"has-text-align-center\">agences membres partout en France pour retirer votre guide du bien vivre et du bien vieillir chez soi<\/p>\n<\/div>\n<\/div>\n\n\n    <\/div>\n<\/div>\n\n\n<div style=\"height:50px\" aria-hidden=\"true\" class=\"wp-block-spacer\"><\/div>\n\n\n\n<h2 class=\"has-text-align-center\">Nos crit\u00e8res de s\u00e9lection<\/h2>\n\n\n\n<p class=\"has-text-align-center\">Les marques sont s\u00e9lectionn\u00e9es en exclusivit\u00e9 dans un des services propos\u00e9s par Silver Alliance.<\/p>\n\n\n\n<h4>Motivation de marque<\/h4>\n\n\n\n<p>La marque exprime avec conviction l\u2019int\u00e9r\u00eat de son entr\u00e9e \u00e0 l\u2019Alliance et plus particuli\u00e8rement d\u2019apporter une utilit\u00e9 soci\u00e9tale pour bien vieillir \u00e0 domicile.<\/p>\n\n\n\n<h4>Cr\u00e9dibilit\u00e9 de marque<\/h4>\n\n\n\n<p>La marque est l&rsquo;un des trois leaders de son secteur d\u2019activit\u00e9.<\/p>\n\n\n\n<h4>B\u00e9n\u00e9fice pour le consommateur<\/h4>\n\n\n\n<p>La solution est utile et d\u00e9sirable \u00e0 en croire la force de traction, le nombre croissant de clients seniors et leur niveau de satisfaction.<\/p>\n\n\n\n<h4>Qualit\u00e9 et pertinence de la solution<\/h4>\n\n\n\n<p>La solution commercialis\u00e9e a re\u00e7u des prix et fait l\u2019objet de label, norme et\/ou certification. Elle peut apporter la preuve de t\u00e9moignages consommateurs favorables en ce sens.<\/p>\n\n\n\n<h4>Sensibilit\u00e9 et exp\u00e9rience aupr\u00e8s des seniors<\/h4>\n\n\n\n<p>La marque a d\u00e9montr\u00e9 son savoir-faire et son savoir-\u00eatre aupr\u00e8s des consommateurs. Elle est empathique, sans complaisance, \u00e0 l&rsquo;\u00e9coute des besoins, en capacit\u00e9 de comprendre la singularit\u00e9 du quotidien des consommateurs pour les orienter au mieux sur des services qui vont apporter un r\u00e9el b\u00e9n\u00e9fice.<\/p>\n\n\n\n<h4>Couverture g\u00e9ographique<\/h4>\n\n\n\n<p>Le marque se donne l\u2019ambition de proposer et d\u00e9livrer ses solutions sur tout le territoire fran\u00e7ais.<\/p>\n\n\n\n<h4>Signature de la Charte de valeur<\/h4>\n\n\n\n<p>La marque s\u2019engage \u00e0 respecter l\u2019ensemble des valeurs et \u00e0 signer la Charte de Valeurs de Silver Alliance.<\/p>\n\n\n\n<div style=\"height:50px\" aria-hidden=\"true\" class=\"wp-block-spacer\"><\/div>\n\n\n\n<h2 class=\"has-text-align-center\">Nous les avons s\u00e9lectionn\u00e9s pour vous<\/h2>\n\n\n\n<div style=\"height:50px\" aria-hidden=\"true\" class=\"wp-block-spacer\"><\/div>\n\n\n<div class='grid-archive flex-display max-5'><div class='item-container'><img width='424' height='275' src='http:\/\/vxcyhlr.cluster024.hosting.ovh.net\/silvera\/wp-content\/uploads\/2021\/01\/Opticiens-mobiles-logo.jpg' alt='Les Opticiens mobiles logo'><\/div><div class='item-container'><img width='424' height='275' src='http:\/\/vxcyhlr.cluster024.hosting.ovh.net\/silvera\/wp-content\/uploads\/2020\/08\/Senioriales-logo.png' alt='Senioriales logo'><\/div><div class='item-container'><img width='424' height='275' src='http:\/\/vxcyhlr.cluster024.hosting.ovh.net\/silvera\/wp-content\/uploads\/2021\/07\/FamilEat-logo-horizontal.jpg' alt='FamilEat-logo-horizontal'><\/div><div class='item-container'><img width='424' height='275' src='http:\/\/vxcyhlr.cluster024.hosting.ovh.net\/silvera\/wp-content\/uploads\/2021\/07\/ABM-Pharma-logo-horizontal.jpg' alt='ABM-Pharma-logo-horizontal'><\/div><div class='item-container'><img width='424' height='275' src='http:\/\/vxcyhlr.cluster024.hosting.ovh.net\/silvera\/wp-content\/uploads\/2020\/12\/audika-logo.png' alt='audika logo'><\/div><div class='item-container'><img width='424' height='275' src='http:\/\/vxcyhlr.cluster024.hosting.ovh.net\/silvera\/wp-content\/uploads\/2021\/01\/Medicalib-logo.png' alt='Medicalib-logo'><\/div><div class='item-container'><img width='424' height='275' src='http:\/\/vxcyhlr.cluster024.hosting.ovh.net\/silvera\/wp-content\/uploads\/2021\/01\/ezygain-logo.png' alt='ezygain-logo'><\/div><div class='item-container'><img width='424' height='275' src='http:\/\/vxcyhlr.cluster024.hosting.ovh.net\/silvera\/wp-content\/uploads\/2021\/01\/stannah-logo.png' alt='stannah-logo'><\/div><div class='item-container'><img width='424' height='275' src='http:\/\/vxcyhlr.cluster024.hosting.ovh.net\/silvera\/wp-content\/uploads\/2021\/07\/Vicanis-logo-horizontal.png' alt='Vicanis logo'><\/div><div class='item-container'><img width='424' height='275' src='http:\/\/vxcyhlr.cluster024.hosting.ovh.net\/silvera\/wp-content\/uploads\/2019\/09\/logo.jpg' alt='logo'><\/div><div class='item-container'><img width='424' height='275' src='http:\/\/vxcyhlr.cluster024.hosting.ovh.net\/silvera\/wp-content\/uploads\/2020\/08\/alogia-groupe-logo-1.png' alt='alogia-groupe-logo'><\/div><div class='item-container'><img width='424' height='275' src='http:\/\/vxcyhlr.cluster024.hosting.ovh.net\/silvera\/wp-content\/uploads\/2020\/01\/kibolt-logo.png' alt='kibolt-logo'><\/div><div class='item-container'><img width='424' height='275' src='http:\/\/vxcyhlr.cluster024.hosting.ovh.net\/silvera\/wp-content\/uploads\/2021\/07\/Colette-logo-horizontal.png' alt='Colette logo'><\/div><div class='item-container'><img width='424' height='275' src='http:\/\/vxcyhlr.cluster024.hosting.ovh.net\/silvera\/wp-content\/uploads\/2020\/08\/Doro-logo.png' alt='Doro logo'><\/div><div class='item-container'><img width='424' height='275' src='http:\/\/vxcyhlr.cluster024.hosting.ovh.net\/silvera\/wp-content\/uploads\/2021\/07\/Daner-logo-horizontal.jpg' alt='Daner-logo-horizontal'><\/div><div class='item-container'><img width='424' height='275' src='http:\/\/vxcyhlr.cluster024.hosting.ovh.net\/silvera\/wp-content\/uploads\/2020\/08\/intratone-logo-1.png' alt='intratone-logo'><\/div><div class='item-container'><img width='424' height='275' src='http:\/\/vxcyhlr.cluster024.hosting.ovh.net\/silvera\/wp-content\/uploads\/2020\/08\/retraitecom-logo.png' alt='retraitecom-logo'><\/div><div class='item-container'><img width='424' height='275' src='http:\/\/vxcyhlr.cluster024.hosting.ovh.net\/silvera\/wp-content\/uploads\/2019\/09\/sphere-sante-logo.jpg' alt='sphere-sante-logo'><\/div><div class='item-container'><img width='424' height='275' src='http:\/\/vxcyhlr.cluster024.hosting.ovh.net\/silvera\/wp-content\/uploads\/2020\/01\/Jardins-anim\u00e9s-logo.png' alt='Jardins-animes-logo'><\/div><div class='item-container'><img width='424' height='275' src='http:\/\/vxcyhlr.cluster024.hosting.ovh.net\/silvera\/wp-content\/uploads\/2020\/08\/herdegen-logo.png' alt='herdegen-logo'><\/div><div class='item-container'><img width='424' height='275' src='http:\/\/vxcyhlr.cluster024.hosting.ovh.net\/silvera\/wp-content\/uploads\/2020\/08\/sanilea-logo.png' alt='sanilea-logo'><\/div><div class='item-container'><img width='424' height='275' src='http:\/\/vxcyhlr.cluster024.hosting.ovh.net\/silvera\/wp-content\/uploads\/2020\/08\/nutrisens-logo.png' alt='nutrisens-logo'><\/div><div class='item-container'><img width='424' height='275' src='http:\/\/vxcyhlr.cluster024.hosting.ovh.net\/silvera\/wp-content\/uploads\/2020\/08\/my-jugaad-logo.png' alt='my jugaad-logo'><\/div><div class='item-container'><img width='424' height='275' src='http:\/\/vxcyhlr.cluster024.hosting.ovh.net\/silvera\/wp-content\/uploads\/2021\/07\/Partner-Assurances-logo-horizontal.png' alt='Partner Assurances logo'><\/div><div class='item-container'><img width='424' height='275' src='http:\/\/vxcyhlr.cluster024.hosting.ovh.net\/silvera\/wp-content\/uploads\/2019\/09\/papyhappy-logo.jpg' alt='papyhappy-logo'><\/div><div class='item-container'><img width='424' height='275' src='http:\/\/vxcyhlr.cluster024.hosting.ovh.net\/silvera\/wp-content\/uploads\/2021\/01\/Medadom-logo.png' alt='Medadom-logo'><\/div><div class='item-container'><img width='424' height='275' src='http:\/\/vxcyhlr.cluster024.hosting.ovh.net\/silvera\/wp-content\/uploads\/2021\/01\/2minutesensemble-logo.png' alt='2minutesensemble-logo'><\/div><div class='item-container'><img width='424' height='275' src='http:\/\/vxcyhlr.cluster024.hosting.ovh.net\/silvera\/wp-content\/uploads\/2020\/01\/ernesti-logo.png' alt='ernesti-logo'><\/div><div class='item-container'><img width='424' height='275' src='http:\/\/vxcyhlr.cluster024.hosting.ovh.net\/silvera\/wp-content\/uploads\/2020\/09\/Facilotab-logo-horizontal.png' alt='Facilotab logo'><\/div><div class='item-container'><img width='424' height='275' src='http:\/\/vxcyhlr.cluster024.hosting.ovh.net\/silvera\/wp-content\/uploads\/2021\/07\/Relyfe-logo-horizontal.png' alt='Relyfe logo'><\/div><div class='item-container'><img width='424' height='275' src='http:\/\/vxcyhlr.cluster024.hosting.ovh.net\/silvera\/wp-content\/uploads\/2020\/08\/TeePy-Job-logo.jpg' alt='TeePy Job logo'><\/div><div class='item-container'><img width='424' height='275' src='http:\/\/vxcyhlr.cluster024.hosting.ovh.net\/silvera\/wp-content\/uploads\/2020\/09\/ilapharm-logo.png' alt='Laboratoires Ilapharm logo'><\/div><div class='item-container'><img width='424' height='275' src='http:\/\/vxcyhlr.cluster024.hosting.ovh.net\/silvera\/wp-content\/uploads\/2019\/09\/easy-shower-logo.jpg' alt='easy-shower-logo'><\/div><div class='item-container'><img width='424' height='275' src='http:\/\/vxcyhlr.cluster024.hosting.ovh.net\/silvera\/wp-content\/uploads\/2019\/09\/bluelinea-logo.jpg' alt='bluelinea-logo'><\/div><div class='item-container'><img width='424' height='275' src='http:\/\/vxcyhlr.cluster024.hosting.ovh.net\/silvera\/wp-content\/uploads\/2021\/01\/Le-viager-mutualise-vitalimmo-logo.png' alt='Le viager mutualis\u00e9 vitalimmo logo'><\/div><div class='item-container'><img width='424' height='275' src='http:\/\/vxcyhlr.cluster024.hosting.ovh.net\/silvera\/wp-content\/uploads\/2020\/08\/O2-Care-Service-logo.png' alt='O2 Care Service logo'><\/div><div class='item-container'><img width='424' height='275' src='http:\/\/vxcyhlr.cluster024.hosting.ovh.net\/silvera\/wp-content\/uploads\/2020\/01\/giphar-logo-horizontal.jpg' alt='giphar-logo-horizontal'><\/div><div class='item-container'><img width='424' height='275' src='http:\/\/vxcyhlr.cluster024.hosting.ovh.net\/silvera\/wp-content\/uploads\/2021\/07\/Tefal-logo-horizontal.jpg' alt='Tefal logo'><\/div><\/div>\n","protected":false},"excerpt":{"rendered":"<p>Silver Alliance est une entreprise de l\u2019\u00e9conomie collaborative qui permet \u00e0 ses membres de partager des bonnes pratiques. Silver Alliance a pour ambition de f\u00e9d\u00e9rer des entreprises qui commercialisent des solutions compl\u00e9mentaires les unes aux autres et qui ensemble permettent d\u2019envisager de vieillir \u00e0 domicile sereinement. Ainsi, Silver Alliance vous offre la possibilit\u00e9 de vous [&hellip;]<\/p>\n","protected":false},"author":5,"featured_media":8702,"parent":0,"menu_order":0,"comment_status":"closed","ping_status":"closed","template":"","meta":[],"_links":{"self":[{"href":"http:\/\/vxcyhlr.cluster024.hosting.ovh.net\/silvera\/wp-json\/wp\/v2\/pages\/165"}],"collection":[{"href":"http:\/\/vxcyhlr.cluster024.hosting.ovh.net\/silvera\/wp-json\/wp\/v2\/pages"}],"about":[{"href":"http:\/\/vxcyhlr.cluster024.hosting.ovh.net\/silvera\/wp-json\/wp\/v2\/types\/page"}],"author":[{"embeddable":true,"href":"http:\/\/vxcyhlr.cluster024.hosting.ovh.net\/silvera\/wp-json\/wp\/v2\/users\/5"}],"replies":[{"embeddable":true,"href":"http:\/\/vxcyhlr.cluster024.hosting.ovh.net\/silvera\/wp-json\/wp\/v2\/comments?post=165"}],"version-history":[{"count":116,"href":"http:\/\/vxcyhlr.cluster024.hosting.ovh.net\/silvera\/wp-json\/wp\/v2\/pages\/165\/revisions"}],"predecessor-version":[{"id":8648,"href":"http:\/\/vxcyhlr.cluster024.hosting.ovh.net\/silvera\/wp-json\/wp\/v2\/pages\/165\/revisions\/8648"}],"wp:featuredmedia":[{"embeddable":true,"href":"http:\/\/vxcyhlr.cluster024.hosting.ovh.net\/silvera\/wp-json\/wp\/v2\/media\/8702"}],"wp:attachment":[{"href":"http:\/\/vxcyhlr.cluster024.hosting.ovh.net\/silvera\/wp-json\/wp\/v2\/media?parent=165"}],"curies":[{"name":"wp","href":"https:\/\/api.w.org\/{rel}","templated":true}]}}