{"id":981,"date":"2018-08-03T11:24:58","date_gmt":"2018-08-03T09:24:58","guid":{"rendered":"http:\/\/vxcyhlr.cluster024.hosting.ovh.net\/silvera\/?page_id=981"},"modified":"2021-07-21T15:00:20","modified_gmt":"2021-07-21T13:00:20","slug":"charte-cookies","status":"publish","type":"page","link":"http:\/\/vxcyhlr.cluster024.hosting.ovh.net\/silvera\/charte-cookies\/","title":{"rendered":"Charte cookies"},"content":{"rendered":"<p><b data-rich-text-format-boundary=\"true\">Version \u00e0 jour du 23 juin 2020<\/b><\/p>\n<p>Le Site SILVER ALLIANCE est con\u00e7u pour r\u00e9pondre \u00e0 vos besoins et optimiser votre exp\u00e9rience de navigation sur le Site en r\u00e9pondant au mieux \u00e0 vos attentes, comme \u00e9nonc\u00e9 \u00e0 l\u2019Article 8 de nos <a href=\"http:\/\/vxcyhlr.cluster024.hosting.ovh.net\/silvera\/cgu\/\">Conditions G\u00e9n\u00e9rales d\u2019Utilisation.<\/a><\/p>\n<p>C\u2019est pour cette raison et uniquement pour celle-ci que le Site fait usage de cookies, qui peuvent s\u2019installer sur votre logiciel de navigation lors de votre navigation sur le Site.<\/p>\n<p>La pr\u00e9sente <strong>Charte Cookies<\/strong>, mise en place par SILVER ALLIANCE, a vocation \u00e0 compl\u00e9ter nos <a href=\"http:\/\/vxcyhlr.cluster024.hosting.ovh.net\/silvera\/cgu\/\">Conditions G\u00e9n\u00e9rales d\u2019Utilisation<\/a> et notre <a href=\"http:\/\/vxcyhlr.cluster024.hosting.ovh.net\/silvera\/politique-de-confidentialite\/\">Politique de Confidentialit\u00e9<\/a> afin de vous fournir une information synth\u00e9tique et globale sur les traitements de vos donn\u00e9es que nous pouvons \u00eatre conduits \u00e0 op\u00e9rer par l\u2019utilisation et la <strong>gestion de cookies<\/strong>.<\/p>\n<h2><strong>D\u00e9finition du terme cookie<\/strong><\/h2>\n<p>Le cookie est un fichier de donn\u00e9es stock\u00e9es sur votre terminal (ordinateur, smartphone, tablette) qui sert \u00e0 enregistrer des informations relatives \u00e0 votre navigation sur le Site dans l\u2019objectif d\u2019am\u00e9liorer le service personnalis\u00e9 qui vous est destin\u00e9 ainsi qu\u2019\u00e0 des fins de statistiques anonymis\u00e9es.<\/p>\n<h2><strong>Nature des cookies utilis\u00e9s<\/strong><\/h2>\n<p>Nous utilisons deux types de cookies, les cookies analytiques et de performance et les cookies de ciblage.<\/p>\n<ul>\n<li><strong>Cookies analytiques et de performance<\/strong> : Ces cookies permettent de conna\u00eetre l\u2019utilisation et les performances de notre Site et d\u2019en am\u00e9liorer le fonctionnement, en proc\u00e9dant \u00e0 des analyses de fr\u00e9quentation des pages d\u2019information pour savoir quelles sont les pages les plus et les moins populaires, et \u00e0 constater comment les visiteurs naviguent sur le site. Nous pouvons ainsi am\u00e9liorer la fa\u00e7on dont fonctionne le Site et votre exp\u00e9rience. Les informations ainsi collect\u00e9es sont regroup\u00e9es, anonymis\u00e9es puis exploit\u00e9es sous une forme agr\u00e9g\u00e9e. Vous pouvez n\u00e9anmoins param\u00e9trer votre navigateur pour bloquer ces cookies ou vous alerter de leur pr\u00e9sence. Le blocage de ces cookies n\u2019affectera pas le service qui vous est fourni.<\/li>\n<li><strong>Cookies de ciblage&nbsp;<\/strong><span style=\"font-size: inherit;\">: Ces cookies enregistrent votre visite sur le Site, les pages que vous avez visit\u00e9es et les liens que vous avez suivis. Nous pouvons partager ces informations avec des tiers, et notamment les soci\u00e9t\u00e9s membres de SILVER ALLIANCE, sous la forme de statistiques anonymes. Vous pouvez n\u00e9anmoins param\u00e9trer votre navigateur pour bloquer ces cookies ou vous alerter de leur pr\u00e9sence. Le blocage de ces cookies n\u2019affectera pas le service qui vous est fourni.<\/span><\/li>\n<\/ul>\n<p>Nous utilisons les services de la soci\u00e9t\u00e9 Google et plus pr\u00e9cis\u00e9ment les services dits \u00ab&nbsp;Google Analytics&nbsp;\u00bb. Les donn\u00e9es collect\u00e9es par l\u2019interm\u00e9diaire de ces cookies sont transmises et stock\u00e9es par la soci\u00e9t\u00e9 Google, adh\u00e9rente au Privacy Shield (<a href=\"https:\/\/www.privacyshield.gov\/participant?id=a2zt000000001L5AAI&amp;status=Active)\">https:\/\/www.privacyshield.gov\/participant?id=a2zt000000001L5AAI&amp;status=Active)<\/a> et assurant un niveau de protection ad\u00e9quat des donn\u00e9es personnelles (<a href=\"https:\/\/www.cnil.fr\/fr\/la-protection-des-donnees-dans-le-monde\">https:\/\/www.cnil.fr\/fr\/la-protection-des-donnees-dans-le-monde<\/a>).<\/p>\n<p>Les donn\u00e9es g\u00e9n\u00e9r\u00e9es par ces cookies concernent :<\/p>\n<ul>\n<li>Votre utilisation du site ;<\/li>\n<li>Votre adresse IP, cette donn\u00e9e \u00e9tant anonymis\u00e9e avant communication des informations de connexion correspondantes \u00e0 SILVER ALLIANCE.<\/li>\n<\/ul>\n<p>Vous pouvez obtenir plus d\u2019informations sur le service Google Analytics sur la page suivante&nbsp;:&nbsp;<a href=\"https:\/\/support.google.com\/analytics\/answer\/6004245\">https:\/\/support.google.com\/analytics\/answer\/6004245<\/a>.<\/p>\n<h2><strong>Finalit\u00e9s des cookies utilis\u00e9s<\/strong><\/h2>\n<p>Les <strong>cookies utilis\u00e9s par SILVER ALLIANCE<\/strong> sont utilis\u00e9s dans le seul but d\u2019analyser la fr\u00e9quentation et l\u2019utilisation qui est faite du Site afin d\u2019en am\u00e9liorer le contenu et la performance.<\/p>\n<p>Les informations collect\u00e9es par ces cookies ne sont ni utilis\u00e9es, ni \u00e9chang\u00e9es, ni vendues \u00e0 des tiers \u00e0 des fins de publicit\u00e9 cibl\u00e9e sur le Site.<\/p>\n<h2><strong>Sp\u00e9cificit\u00e9 des cookies tiers, les cookies de partage<\/strong><\/h2>\n<p>Ces cookies sont sp\u00e9cifiquement li\u00e9s \u00e0 l\u2019utilisation des boutons de partage d\u2019une page du Site sur les r\u00e9seaux sociaux (Facebook, Twitter, Linkedin, etc.). Les boutons de partage vous permettent de directement partager sur le r\u00e9seau social concern\u00e9 une page du Site. En cliquant sur le bouton de partage sur le r\u00e9seau social concern\u00e9, un ou plusieurs cookies sont alors d\u00e9pos\u00e9s sur votre terminal (ordinateur, smartphone, tablette) par le r\u00e9seau social. Nous n\u2019avons <strong>ni acc\u00e8s ni contr\u00f4le sur les cookies de tiers<\/strong>, qui peuvent \u00eatre des cookies analytiques, de performance ou des cookies de ciblage.<\/p>\n<p>Nous vous sugg\u00e9rons de consulter les sites internet de ces tiers pour plus d\u2019informations au sujet de leurs cookies et pour savoir comment les g\u00e9rer&nbsp;:<\/p>\n<ul>\n<li>Facebook&nbsp;: <a href=\"https:\/\/fr-fr.facebook.com\/policies\/cookies\/\">https:\/\/fr-fr.facebook.com\/policies\/cookies\/<\/a><\/li>\n<li>Twitter&nbsp;: <a href=\"https:\/\/help.twitter.com\/fr\/rules-and-policies\/twitter-cookies\">https:\/\/help.twitter.com\/fr\/rules-and-policies\/twitter-cookies<\/a><\/li>\n<li>Linkedin : <a href=\"https:\/\/www.linkedin.com\/legal\/cookie-policy?_l=fr_FR\">https:\/\/www.linkedin.com\/legal\/cookie-policy?_l=fr_FR<\/a><\/li>\n<\/ul>\n<h2><strong>Consentement<\/strong><\/h2>\n<p>En cliquant sur le bouton \u00ab J\u2019accepte \u00bb de notre bandeau \u00ab Cookies \u00bb ou en poursuivant votre navigation sur le Site, vous acceptez l\u2019utilisation de cookies pour r\u00e9aliser des statistiques de visites et am\u00e9liorer votre exp\u00e9rience de navigation.<\/p>\n<h2><strong>Dur\u00e9e de vie des cookies<\/strong><\/h2>\n<p>La <strong>dur\u00e9e de vie des cookies<\/strong> utilis\u00e9s est g\u00e9n\u00e9ralement courte et peut varier entre quelques heures, quelques jours et parfois quelques semaines. En tout \u00e9tat de cause, les cookies stock\u00e9s dans votre terminal \u00e0 des fins de statistiques d\u2019audience et de performance auront une dur\u00e9e de vie limit\u00e9e \u00e0 13 mois maximum, cette dur\u00e9e n\u2019\u00e9tant pas prorog\u00e9e automatiquement lors de vos nouvelles visites sur le site.<\/p>\n<h2><strong>Gestion des Cookies<\/strong><\/h2>\n<p>Vous pouvez bloquer les cookies en activant le param\u00e8tre de votre navigateur qui vous permet de refuser la configuration de tout ou partie des cookies. Toutefois, sachez que le blocage des cookies peut limiter votre exp\u00e9rience utilisateur ainsi que la performance du Site, ce dont nous ne saurions \u00eatre tenus pour responsables.<\/p>\n<p>Pour param\u00e9trer vos cookies directement dans les r\u00e9glages de votre navigateur, vous pouvez vous r\u00e9f\u00e9rer aux liens suivants en fonction du navigateur utilis\u00e9&nbsp;:<\/p>\n<ul>\n<li>Google Chrome :&nbsp;<a href=\"https:\/\/support.google.com\/chrome\/answer\/95647?hl=fr\">https:\/\/support.google.com\/chrome\/answer\/95647?hl=fr<\/a><\/li>\n<li>Internet Explorer :&nbsp;<a href=\"https:\/\/support.microsoft.com\/fr-fr\/help\/17442\/windows-internet-explorer-delete-manage-cookies\">https:\/\/support.microsoft.com\/fr-fr\/help\/17442\/windows-internet-explorer-delete-manage-cookies<\/a><\/li>\n<li>Mozilla Firefox :&nbsp;<a href=\"https:\/\/support.mozilla.org\/fr\/kb\/activer-desactiver-cookies-preferences?redirectlocale=fr&amp;redirectslug=activer-desactiver-cookies\">https:\/\/support.mozilla.org\/fr\/kb\/activer-desactiver-cookies-preferences?redirectlocale=fr&amp;redirectslug=activer-desactiver-cookies<\/a><\/li>\n<li>Safari :&nbsp;<a href=\"https:\/\/www.apple.com\/legal\/privacy\/fr-ww\/cookies\/\">https:\/\/www.apple.com\/legal\/privacy\/fr-ww\/cookies\/<\/a><\/li>\n<\/ul>\n<h2><strong>Modification de la Charte Cookies<\/strong><\/h2>\n<p>La pr\u00e9sente Charte Cookies est susceptible d\u2019\u00eatre modifi\u00e9e ou compl\u00e9t\u00e9e \u00e0 tout moment par SILVER ALLIANCE.<\/p>\n<p>Nous vous invitons \u00e0 la consulter de mani\u00e8re r\u00e9guli\u00e8re, la date de mise \u00e0 jour \u00e9tant indiqu\u00e9e sur la version en vigueur.<\/p>\n<h2><strong>Contact<\/strong><\/h2>\n<p>Pour toute demande d\u2019information compl\u00e9mentaire sur notre Charte Cookies, vous pouvez vous adresser \u00e0&nbsp;: <a href=\"mailto:contact@silveralliance.fr\">contact@silveralliance.fr<\/a><\/p>\n","protected":false},"excerpt":{"rendered":"<p>Version \u00e0 jour du 23 juin 2020 Le Site SILVER ALLIANCE est con\u00e7u pour r\u00e9pondre \u00e0 vos besoins et optimiser votre exp\u00e9rience de navigation sur le Site en r\u00e9pondant au mieux \u00e0 vos attentes, comme \u00e9nonc\u00e9 \u00e0 l\u2019Article 8 de nos Conditions G\u00e9n\u00e9rales d\u2019Utilisation. C\u2019est pour cette raison et uniquement pour celle-ci que le Site [&hellip;]<\/p>\n","protected":false},"author":5,"featured_media":8697,"parent":0,"menu_order":0,"comment_status":"closed","ping_status":"closed","template":"","meta":[],"_links":{"self":[{"href":"http:\/\/vxcyhlr.cluster024.hosting.ovh.net\/silvera\/wp-json\/wp\/v2\/pages\/981"}],"collection":[{"href":"http:\/\/vxcyhlr.cluster024.hosting.ovh.net\/silvera\/wp-json\/wp\/v2\/pages"}],"about":[{"href":"http:\/\/vxcyhlr.cluster024.hosting.ovh.net\/silvera\/wp-json\/wp\/v2\/types\/page"}],"author":[{"embeddable":true,"href":"http:\/\/vxcyhlr.cluster024.hosting.ovh.net\/silvera\/wp-json\/wp\/v2\/users\/5"}],"replies":[{"embeddable":true,"href":"http:\/\/vxcyhlr.cluster024.hosting.ovh.net\/silvera\/wp-json\/wp\/v2\/comments?post=981"}],"version-history":[{"count":5,"href":"http:\/\/vxcyhlr.cluster024.hosting.ovh.net\/silvera\/wp-json\/wp\/v2\/pages\/981\/revisions"}],"predecessor-version":[{"id":8695,"href":"http:\/\/vxcyhlr.cluster024.hosting.ovh.net\/silvera\/wp-json\/wp\/v2\/pages\/981\/revisions\/8695"}],"wp:featuredmedia":[{"embeddable":true,"href":"http:\/\/vxcyhlr.cluster024.hosting.ovh.net\/silvera\/wp-json\/wp\/v2\/media\/8697"}],"wp:attachment":[{"href":"http:\/\/vxcyhlr.cluster024.hosting.ovh.net\/silvera\/wp-json\/wp\/v2\/media?parent=981"}],"curies":[{"name":"wp","href":"https:\/\/api.w.org\/{rel}","templated":true}]}}